{"id":13,"date":"2019-10-09T10:31:57","date_gmt":"2019-10-09T10:31:57","guid":{"rendered":"https:\/\/dr-starke.de\/?page_id=13"},"modified":"2020-11-12T14:52:36","modified_gmt":"2020-11-12T14:52:36","slug":"immobilienverwertung","status":"publish","type":"page","link":"https:\/\/liegenschaften.dr-starke.de\/?page_id=13","title":{"rendered":"Immobilienverwertung"},"content":{"rendered":"\n<p>Wir sind spezialisiert auf die bundesweite Vermittlung von:<\/p>\n\n\n\n<div class=\"wp-block-image\"><figure class=\"alignright is-resized\"><img loading=\"lazy\" decoding=\"async\" src=\"https:\/\/liegenschaften.dr-starke.de\/wp-content\/uploads\/2019\/10\/slide_006.jpg\" alt=\"\" class=\"wp-image-103\" width=\"332\" height=\"175\" srcset=\"https:\/\/liegenschaften.dr-starke.de\/wp-content\/uploads\/2019\/10\/slide_006.jpg 620w, https:\/\/liegenschaften.dr-starke.de\/wp-content\/uploads\/2019\/10\/slide_006-300x159.jpg 300w\" sizes=\"auto, (max-width: 332px) 100vw, 332px\" \/><figcaption>Immobilienverwertung<\/figcaption><\/figure><\/div>\n\n\n\n<ul class=\"wp-block-list\"><li>Mehrfamilienh\u00e4usern<\/li><li>Wohnanlagen<\/li><li>Immobilienpaketen (auch im Teileigentum)<\/li><li>B\u00fcrogeb\u00e4uden<\/li><li>Einkaufszentren und Fachm\u00e4rkten<\/li><li>Betreiberimmobilien wie Hotels und Seniorenresidenzen<\/li><\/ul>\n","protected":false},"excerpt":{"rendered":"<p>Wir sind spezialisiert auf die bundesweite Vermittlung von: Mehrfamilienh\u00e4usern Wohnanlagen Immobilienpaketen (auch im Teileigentum) B\u00fcrogeb\u00e4uden Einkaufszentren und Fachm\u00e4rkten Betreiberimmobilien wie Hotels und Seniorenresidenzen<\/p>\n","protected":false},"author":1,"featured_media":0,"parent":0,"menu_order":0,"comment_status":"closed","ping_status":"closed","template":"","meta":{"footnotes":""},"class_list":["post-13","page","type-page","status-publish","hentry"],"_links":{"self":[{"href":"https:\/\/liegenschaften.dr-starke.de\/index.php?rest_route=\/wp\/v2\/pages\/13","targetHints":{"allow":["GET"]}}],"collection":[{"href":"https:\/\/liegenschaften.dr-starke.de\/index.php?rest_route=\/wp\/v2\/pages"}],"about":[{"href":"https:\/\/liegenschaften.dr-starke.de\/index.php?rest_route=\/wp\/v2\/types\/page"}],"author":[{"embeddable":true,"href":"https:\/\/liegenschaften.dr-starke.de\/index.php?rest_route=\/wp\/v2\/users\/1"}],"replies":[{"embeddable":true,"href":"https:\/\/liegenschaften.dr-starke.de\/index.php?rest_route=%2Fwp%2Fv2%2Fcomments&post=13"}],"version-history":[{"count":3,"href":"https:\/\/liegenschaften.dr-starke.de\/index.php?rest_route=\/wp\/v2\/pages\/13\/revisions"}],"predecessor-version":[{"id":147,"href":"https:\/\/liegenschaften.dr-starke.de\/index.php?rest_route=\/wp\/v2\/pages\/13\/revisions\/147"}],"wp:attachment":[{"href":"https:\/\/liegenschaften.dr-starke.de\/index.php?rest_route=%2Fwp%2Fv2%2Fmedia&parent=13"}],"curies":[{"name":"wp","href":"https:\/\/api.w.org\/{rel}","templated":true}]}}