{"id":23,"date":"2019-10-09T10:35:42","date_gmt":"2019-10-09T10:35:42","guid":{"rendered":"https:\/\/dr-starke.de\/?page_id=23"},"modified":"2020-11-26T17:06:25","modified_gmt":"2020-11-26T17:06:25","slug":"impressum","status":"publish","type":"page","link":"https:\/\/liegenschaften.dr-starke.de\/?page_id=23","title":{"rendered":"Impressum"},"content":{"rendered":"\n<p>Impressum<\/p>\n\n\n\n<figure class=\"wp-block-table\"><table><tbody><tr><td>Alle hier verwendeten Namen, Begriffe, Zeichen und Grafiken k\u00f6nnen Marken- oder Warenzeichen im Besitze ihrer rechtlichen Eigent\u00fcmer sein. Die Rechte aller erw\u00e4hnten und benutzten Marken- und Warenzeichen liegen ausschlie\u00dflich bei deren Besitzern.<\/td><\/tr><tr><td><strong>Firmeninformationen Dr. Starke Liegenschaften GmbH<\/strong><br>Uhlandstra\u00dfe 18<br>40237 D\u00fcsseldorf<br>Germany<br>Telefon: &nbsp;+49 211 688 77215<br>Website: &nbsp;<a href=\"https:\/\/web.archive.org\/web\/20160401114931\/http:\/\/www.dr-starke.de\/\">www.dr-starke.de<\/a><br>E-Mail: &nbsp;<a href=\"mailto:info@dr-starke.de\">info@dr-starke.de<\/a><\/td><\/tr><tr><td><strong>Rechtliche Angaben<\/strong><br>Vertretungsberechtigt:  <br>Peter Cromm<br>CEO \/ Gesch\u00e4ftsf\u00fchrer<br> 100% Shareholder \/ 100% Gesellschafter<br><br>Registergericht: Amtsgericht D\u00fcsseldorf<br>Registernummer: HRB 78777<br><br><br>Inhaltlich Verantwortlicher gem\u00e4\u00df TMG<br>Peter Cromm<br><br><br><\/td><\/tr><tr><td><strong>Technische Angaben<\/strong>Technisch Verantwortlicher:<br><a href=\"https:\/\/web.archive.org\/web\/20160401114931\/http:\/\/dr-starke.de\/index.php?option=com_impressum&amp;view=impressum&amp;Itemid=53\">Peter Cromm<\/a><br><\/td><\/tr><tr><td><\/td><\/tr><\/tbody><\/table><\/figure>\n","protected":false},"excerpt":{"rendered":"<p>Impressum Alle hier verwendeten Namen, Begriffe, Zeichen und Grafiken k\u00f6nnen Marken- oder Warenzeichen im Besitze ihrer rechtlichen Eigent\u00fcmer sein. Die Rechte aller erw\u00e4hnten und benutzten Marken- und Warenzeichen liegen ausschlie\u00dflich bei deren Besitzern. Firmeninformationen Dr. Starke Liegenschaften GmbHUhlandstra\u00dfe 1840237 D\u00fcsseldorfGermanyTelefon: &nbsp;+49 211 688 77215Website: &nbsp;www.dr-starke.deE-Mail: &nbsp;info@dr-starke.de Rechtliche AngabenVertretungsberechtigt: Peter CrommCEO \/ Gesch\u00e4ftsf\u00fchrer 100% Shareholder \/ &hellip; <\/p>\n<p class=\"link-more\"><a href=\"https:\/\/liegenschaften.dr-starke.de\/?page_id=23\" class=\"more-link\"><span class=\"screen-reader-text\">\u201eImpressum\u201c<\/span> weiterlesen<\/a><\/p>\n","protected":false},"author":1,"featured_media":0,"parent":0,"menu_order":0,"comment_status":"closed","ping_status":"closed","template":"","meta":{"footnotes":""},"class_list":["post-23","page","type-page","status-publish","hentry"],"_links":{"self":[{"href":"https:\/\/liegenschaften.dr-starke.de\/index.php?rest_route=\/wp\/v2\/pages\/23","targetHints":{"allow":["GET"]}}],"collection":[{"href":"https:\/\/liegenschaften.dr-starke.de\/index.php?rest_route=\/wp\/v2\/pages"}],"about":[{"href":"https:\/\/liegenschaften.dr-starke.de\/index.php?rest_route=\/wp\/v2\/types\/page"}],"author":[{"embeddable":true,"href":"https:\/\/liegenschaften.dr-starke.de\/index.php?rest_route=\/wp\/v2\/users\/1"}],"replies":[{"embeddable":true,"href":"https:\/\/liegenschaften.dr-starke.de\/index.php?rest_route=%2Fwp%2Fv2%2Fcomments&post=23"}],"version-history":[{"count":7,"href":"https:\/\/liegenschaften.dr-starke.de\/index.php?rest_route=\/wp\/v2\/pages\/23\/revisions"}],"predecessor-version":[{"id":160,"href":"https:\/\/liegenschaften.dr-starke.de\/index.php?rest_route=\/wp\/v2\/pages\/23\/revisions\/160"}],"wp:attachment":[{"href":"https:\/\/liegenschaften.dr-starke.de\/index.php?rest_route=%2Fwp%2Fv2%2Fmedia&parent=23"}],"curies":[{"name":"wp","href":"https:\/\/api.w.org\/{rel}","templated":true}]}}